{"id":28,"date":"2022-11-05T17:14:58","date_gmt":"2022-11-05T16:14:58","guid":{"rendered":"https:\/\/www.aisneclub44.fr\/?page_id=28"},"modified":"2022-11-05T17:14:58","modified_gmt":"2022-11-05T16:14:58","slug":"liens","status":"publish","type":"page","link":"https:\/\/www.campdemargival.fr\/?page_id=28","title":{"rendered":"Liens"},"content":{"rendered":"\n<div id=\"wp-block-themeisle-blocks-advanced-columns-3c4a88f0\" class=\"wp-block-themeisle-blocks-advanced-columns has-1-columns has-desktop-equal-layout has-tablet-equal-layout has-mobile-equal-layout has-vertical-unset\"><div class=\"wp-block-themeisle-blocks-advanced-columns-overlay\"><\/div><div class=\"innerblocks-wrap\">\n\n<div id=\"wp-block-themeisle-blocks-advanced-column-ba330c18\" class=\"wp-block-themeisle-blocks-advanced-column\">\n\n<p>Vous trouverez ici quelques sites internet d&rsquo;int\u00e9r\u00eat que nous avons appr\u00e9ci\u00e9s et que nous souhaitons partager.<\/p>\n\n\n<h1 class=\"wp-block-heading\" id=\"cc-m-header-8883799775\">Mus\u00e9e<\/h1>\n\n\n<h3 class=\"wp-block-heading\" id=\"cc-m-header-8883800575\">mus\u00e9e de la r\u00e9sistance et de la d\u00e9portation de picardie 5 place carn\u00e9gie 02700 Tergnier http:\/\/www.mrdp-picardie.com<\/h3>\n\n\n<h2 class=\"wp-block-heading\" id=\"cc-m-header-6135597175\">3rd Armored Division<\/h2>\n\n\n<p>Le site officiel de la 3\u00e8me Division Blind\u00e9e am\u00e9ricaine o\u00f9 vous trouverez toutes les informations sur ses origines, ses campagnes et son histoire en g\u00e9n\u00e9ral :<\/p>\n\n\n<p><a href=\"http:\/\/www.3ad.com\/\" target=\"_blank\" rel=\"noreferrer noopener\">http:\/\/www.3ad.com\/<\/a>&nbsp;(en anglais)<\/p>\n\n\n<p>Le site des v\u00e9t\u00e9rans de la 3\u00e8me Division Blind\u00e9e am\u00e9ricaine :<\/p>\n\n\n<p><a href=\"http:\/\/www.3ad.org\/\" target=\"_blank\" rel=\"noreferrer noopener\">http:\/\/www.3ad.org\/<\/a>&nbsp;(en anglais)<\/p>\n\n\n<p>Un site qui rassemble de nombreuses photos du parcours de la 3\u00e8me Division Blind\u00e9e am\u00e9ricaine de la Normandie \u00e0 l&rsquo;Allemagne :<\/p>\n\n\n<p><a href=\"http:\/\/www.soldiersmuseum.com\/pages\/ww2\/shreck-gallery\/\" target=\"_blank\" rel=\"noreferrer noopener\">http:\/\/www.soldiersmuseum.com\/pages\/ww2\/shreck-gallery\/<\/a>&nbsp;(en anglais)<\/p>\n\n\n<p>Un site qui renferme des vid\u00e9os de la 3\u00e8me Division Blind\u00e9e am\u00e9ricaine de la Seconde Guerre mondiale \u00e0 l&rsquo;occupation de l&rsquo;Allemagne apr\u00e8s 1945 :<\/p>\n\n\n<p><a href=\"http:\/\/vimeo.com\/channels\/ww2\" target=\"_blank\" rel=\"noreferrer noopener\">http:\/\/vimeo.com\/channels\/ww2<\/a>&nbsp;(en anglais)<\/p>\n\n\n<p>Un site \u00e9mouvant et poignant consacr\u00e9 \u00e0 la d\u00e9couverte des camps de concentration par les unit\u00e9s am\u00e9ricaines et notamment par la 3\u00e8me Division Blind\u00e9e am\u00e9ricaine :<\/p>\n\n\n<p><a href=\"http:\/\/www.ushmm.org\/wlc\/en\/article.php?ModuleId=10006158\" target=\"_blank\" rel=\"noreferrer noopener\">http:\/\/www.ushmm.org\/wlc\/en\/article.php?ModuleId=10006158<\/a>&nbsp;(en anglais)<\/p>\n\n\n<h2 class=\"wp-block-heading\" id=\"cc-m-header-6135597275\">Affiches de guerre<\/h2>\n\n\n<p>Un site personnel de qualit\u00e9 consacr\u00e9 aux affiches am\u00e9ricaines, britanniques et allemandes de la Seconde Guerre mondiale :<\/p>\n\n\n<p><a href=\"http:\/\/militaria02.wifeo.com\/\" target=\"_blank\" rel=\"noreferrer noopener\">http:\/\/militaria02.wifeo.com\/<\/a><\/p>\n\n<\/div>\n\n<\/div><\/div>\n","protected":false},"excerpt":{"rendered":"","protected":false},"author":2,"featured_media":0,"parent":0,"menu_order":0,"comment_status":"closed","ping_status":"closed","template":"","meta":{"footnotes":""},"class_list":["post-28","page","type-page","status-publish","hentry"],"_links":{"self":[{"href":"https:\/\/www.campdemargival.fr\/index.php?rest_route=\/wp\/v2\/pages\/28","targetHints":{"allow":["GET"]}}],"collection":[{"href":"https:\/\/www.campdemargival.fr\/index.php?rest_route=\/wp\/v2\/pages"}],"about":[{"href":"https:\/\/www.campdemargival.fr\/index.php?rest_route=\/wp\/v2\/types\/page"}],"author":[{"embeddable":true,"href":"https:\/\/www.campdemargival.fr\/index.php?rest_route=\/wp\/v2\/users\/2"}],"replies":[{"embeddable":true,"href":"https:\/\/www.campdemargival.fr\/index.php?rest_route=%2Fwp%2Fv2%2Fcomments&post=28"}],"version-history":[{"count":0,"href":"https:\/\/www.campdemargival.fr\/index.php?rest_route=\/wp\/v2\/pages\/28\/revisions"}],"wp:attachment":[{"href":"https:\/\/www.campdemargival.fr\/index.php?rest_route=%2Fwp%2Fv2%2Fmedia&parent=28"}],"curies":[{"name":"wp","href":"https:\/\/api.w.org\/{rel}","templated":true}]}}